{"id":16,"date":"2024-12-09T15:39:53","date_gmt":"2024-12-09T14:39:53","guid":{"rendered":"http:\/\/coeur-et-travail.com\/?page_id=16"},"modified":"2025-02-17T14:16:51","modified_gmt":"2025-02-17T13:16:51","slug":"histoire-et-but","status":"publish","type":"page","link":"https:\/\/coeur-et-travail.com\/index.php\/histoire-et-but\/","title":{"rendered":"Histoire et but"},"content":{"rendered":"\n<p>C\u0153ur et Travail, association Loi 1901, est cr\u00e9\u00e9e en 1985 par le Dr Jean Bertran en r\u00e9ponse \u00e0 la demande de m\u00e9decins du travail, en formation professionnelle. Nos programmes permettent l\u2019acquisition de comp\u00e9tences cardiologie, et \u00e0 la faveur de la rencontre de professeurs de facult\u00e9 enseignant la cardiologie et la m\u00e9decine du travail.<\/p>\n\n\n\n<p>C\u2019est \u00e0 partir de cette initiative que des formations, des conf\u00e9rences et des rencontres ont \u00e9t\u00e9 organis\u00e9es pour les professionnels de la sant\u00e9 au travail. Aujourd\u2019hui, C\u0153ur et Travail, par le contenu actualis\u00e9 de ses formations, la qualit\u00e9 de ses intervenants, le nombre croissant de ses stagiaires, conforte l\u2019objectif initial de ses fondateurs\u00a0: d\u00e9velopper la cardiologie en m\u00e9decine du travail dans un approche pluridisciplinaire. L\u2019association a \u00e9galement \u00e9largi son champ d\u2019intervention dans le domaine de la pr\u00e9vention des accidents cardiovasculaires.<\/p>\n\n\n\n<p><\/p>\n","protected":false},"excerpt":{"rendered":"<p>C\u0153ur et Travail, association Loi 1901, est cr\u00e9\u00e9e en 1985 par le Dr Jean Bertran en r\u00e9ponse \u00e0 la demande de m\u00e9decins du travail, en formation professionnelle. Nos programmes permettent l\u2019acquisition de comp\u00e9tences cardiologie, et \u00e0 la faveur de la rencontre de professeurs de facult\u00e9 enseignant la cardiologie et la m\u00e9decine du travail. C\u2019est \u00e0 &hellip; <\/p>\n<p class=\"link-more\"><a href=\"https:\/\/coeur-et-travail.com\/index.php\/histoire-et-but\/\" class=\"more-link\">Lire la suite de<span class=\"screen-reader-text\">\u00ab\u00a0Histoire et but\u00a0\u00bb<\/span><\/a><\/p>\n","protected":false},"author":1,"featured_media":0,"parent":0,"menu_order":0,"comment_status":"closed","ping_status":"closed","template":"","meta":{"footnotes":""},"class_list":["post-16","page","type-page","status-publish","hentry"],"_links":{"self":[{"href":"https:\/\/coeur-et-travail.com\/index.php\/wp-json\/wp\/v2\/pages\/16","targetHints":{"allow":["GET"]}}],"collection":[{"href":"https:\/\/coeur-et-travail.com\/index.php\/wp-json\/wp\/v2\/pages"}],"about":[{"href":"https:\/\/coeur-et-travail.com\/index.php\/wp-json\/wp\/v2\/types\/page"}],"author":[{"embeddable":true,"href":"https:\/\/coeur-et-travail.com\/index.php\/wp-json\/wp\/v2\/users\/1"}],"replies":[{"embeddable":true,"href":"https:\/\/coeur-et-travail.com\/index.php\/wp-json\/wp\/v2\/comments?post=16"}],"version-history":[{"count":5,"href":"https:\/\/coeur-et-travail.com\/index.php\/wp-json\/wp\/v2\/pages\/16\/revisions"}],"predecessor-version":[{"id":490,"href":"https:\/\/coeur-et-travail.com\/index.php\/wp-json\/wp\/v2\/pages\/16\/revisions\/490"}],"wp:attachment":[{"href":"https:\/\/coeur-et-travail.com\/index.php\/wp-json\/wp\/v2\/media?parent=16"}],"curies":[{"name":"wp","href":"https:\/\/api.w.org\/{rel}","templated":true}]}}