{"id":17,"date":"2024-12-09T15:39:53","date_gmt":"2024-12-09T14:39:53","guid":{"rendered":"http:\/\/coeur-et-travail.com\/?page_id=17"},"modified":"2025-07-15T15:13:52","modified_gmt":"2025-07-15T13:13:52","slug":"bureau","status":"publish","type":"page","link":"https:\/\/coeur-et-travail.com\/index.php\/bureau\/","title":{"rendered":"Bureau"},"content":{"rendered":"\n<p><strong>Pr\u00e9sident : Pr Bernard PIERRE&nbsp;<\/strong><br>Pr\u00e9sident sortant : Pr Alain CHAMOUX<\/p>\n\n\n\n<p>Vice pr\u00e9sident : Dr Jean-Pierre HOUPPE<br>Vice pr\u00e9sidente : Sophie DURAND<\/p>\n\n\n\n<p>Secr\u00e9taire : Dr Fabrice LOCHER<br>Tr\u00e9sorier : Dr Bruno Pavy<\/p>\n\n\n\n<figure class=\"wp-block-image aligncenter size-large is-resized\"><img loading=\"lazy\" decoding=\"async\" width=\"1024\" height=\"399\" src=\"https:\/\/coeur-et-travail.com\/wp-content\/uploads\/2025\/07\/Organigramme_20250715-1024x399.png\" alt=\"\" class=\"wp-image-606\" style=\"width:1140px;height:auto\" srcset=\"https:\/\/coeur-et-travail.com\/wp-content\/uploads\/2025\/07\/Organigramme_20250715-1024x399.png 1024w, https:\/\/coeur-et-travail.com\/wp-content\/uploads\/2025\/07\/Organigramme_20250715-300x117.png 300w, https:\/\/coeur-et-travail.com\/wp-content\/uploads\/2025\/07\/Organigramme_20250715.png 1582w\" sizes=\"auto, (max-width: 1024px) 100vw, 1024px\" \/><\/figure>\n\n\n\n<p><\/p>\n","protected":false},"excerpt":{"rendered":"<p>Pr\u00e9sident : Pr Bernard PIERRE&nbsp;Pr\u00e9sident sortant : Pr Alain CHAMOUX Vice pr\u00e9sident : Dr Jean-Pierre HOUPPEVice pr\u00e9sidente : Sophie DURAND Secr\u00e9taire : Dr Fabrice LOCHERTr\u00e9sorier : Dr Bruno Pavy<\/p>\n","protected":false},"author":1,"featured_media":0,"parent":0,"menu_order":0,"comment_status":"closed","ping_status":"closed","template":"","meta":{"footnotes":""},"class_list":["post-17","page","type-page","status-publish","hentry"],"_links":{"self":[{"href":"https:\/\/coeur-et-travail.com\/index.php\/wp-json\/wp\/v2\/pages\/17","targetHints":{"allow":["GET"]}}],"collection":[{"href":"https:\/\/coeur-et-travail.com\/index.php\/wp-json\/wp\/v2\/pages"}],"about":[{"href":"https:\/\/coeur-et-travail.com\/index.php\/wp-json\/wp\/v2\/types\/page"}],"author":[{"embeddable":true,"href":"https:\/\/coeur-et-travail.com\/index.php\/wp-json\/wp\/v2\/users\/1"}],"replies":[{"embeddable":true,"href":"https:\/\/coeur-et-travail.com\/index.php\/wp-json\/wp\/v2\/comments?post=17"}],"version-history":[{"count":6,"href":"https:\/\/coeur-et-travail.com\/index.php\/wp-json\/wp\/v2\/pages\/17\/revisions"}],"predecessor-version":[{"id":607,"href":"https:\/\/coeur-et-travail.com\/index.php\/wp-json\/wp\/v2\/pages\/17\/revisions\/607"}],"wp:attachment":[{"href":"https:\/\/coeur-et-travail.com\/index.php\/wp-json\/wp\/v2\/media?parent=17"}],"curies":[{"name":"wp","href":"https:\/\/api.w.org\/{rel}","templated":true}]}}

<p><strong>Président : Pr Bernard PIERRE&nbsp;</strong><br>Président sortant : Pr Alain CHAMOUX</p>



<p>Vice président : Dr Jean-Pierre HOUPPE<br>Vice présidente : Sophie DURAND</p>



<p>Secrétaire : Dr Fabrice LOCHER<br>Trésorier : Dr Bruno Pavy</p>



<figure class="wp-block-image aligncenter size-large is-resized"><img loading="lazy" decoding="async" width="1024" height="399" src="https://coeur-et-travail.com/wp-content/uploads/2025/07/Organigramme_20250715-1024x399.png" alt="" class="wp-image-606" style="width:1140px;height:auto" srcset="https://coeur-et-travail.com/wp-content/uploads/2025/07/Organigramme_20250715-1024x399.png 1024w, https://coeur-et-travail.com/wp-content/uploads/2025/07/Organigramme_20250715-300x117.png 300w, https://coeur-et-travail.com/wp-content/uploads/2025/07/Organigramme_20250715.png 1582w" sizes="auto, (max-width: 1024px) 100vw, 1024px" /></figure>



<p></p>

<p>Président : Pr Bernard PIERRE&nbsp;Président sortant : Pr Alain CHAMOUX Vice président : Dr Jean-Pierre HOUPPEVice présidente : Sophie DURAND Secrétaire : Dr Fabrice LOCHERTrésorier : Dr Bruno Pavy</p>
