{"id":19,"date":"2024-12-09T15:39:53","date_gmt":"2024-12-09T14:39:53","guid":{"rendered":"http:\/\/coeur-et-travail.com\/?page_id=19"},"modified":"2025-02-17T14:28:03","modified_gmt":"2025-02-17T13:28:03","slug":"sites-daccueil","status":"publish","type":"page","link":"https:\/\/coeur-et-travail.com\/index.php\/sites-daccueil\/","title":{"rendered":"Sites d\u2019accueil"},"content":{"rendered":"\n<p><strong>(lieux susceptibles de modification en cas de n\u00e9cessit\u00e9)<\/strong><\/p>\n\n\n\n<p>\u2022 Paris Espace Trinit\u00e9 \u2013 3, rue de la Trinit\u00e9 \u2013 Paris 9\u00e8me<br>\u2022 Lyon Mercure Lyon Charpennes, 7 place Charles HERNU, 69100 VILLEURBANNE<\/p>\n\n\n\n<p>Pour la partie pratique du stage \u00ab Reprise du travail apr\u00e8s \u00e9v\u00e9nement cardiovasculaire \u00bb, les participants sont accueillis, dans des services hospitaliers sp\u00e9cialis\u00e9s pour la r\u00e9adaptation cardiaque<\/p>\n\n\n\n<p>\u2022 Paris H\u00f4pital Corentin Celton \u2013 Service du Dr Aur\u00e9lia LAMAR-TANGUY \u2013 B\u00e2timent Leplat &#8211; 4, Parvis Corentin Celton \u2013 Issy-les-Moulineaux<\/p>\n\n\n\n<p>\u2013 Et autres lieux possibles (sur demande)<\/p>\n\n\n\n<p>\u2022 Arras Centre de r\u00e9adaptation \u00ab\u00a0les Hautois\u00a0\u00bb \u2013 Service du Dr M.M. SIX &#8211; OIGNIES<br>\u2022 Besan\u00e7on CRCP des Hauts de Chazal \u2013 Service du Dr Philippe KRAMARZ \u2013 Franois<br>\u2022 MEDIPOLE, 158 Rue L\u00e9on Blum, 69100 Villeurbanne<br>\u2022 Clermont-Ferrand Clinique M\u00e9dicale de Cardio-Pneumologie &#8211; 8, avenue de la Paix \u2013 Durtol<br>\u2022 La Motte Beuvron Institut m\u00e9dical de Sologne<br>\u2022 La Rochelle Cardioc\u00e9an \u2013 Service du Dr Muriel BIGOT \u2013 La Tourtilli\u00e8re \u2013 Puilboreau<br>\u2022 Nantes CH LVO \u2013 Service du Dr Bruno PAVY \u2013 Boulevard des R\u00e9gents \u2013 Machecoul<br>\u2022 Strasbourg Clinique de l\u2019Orangerie \u2013 29, all\u00e9e Robertsau<br>\u2022 Toulouse Maison de r\u00e9\u00e9ducation cardiovasculaire \u2013 Service du Dr Fran\u00e7ois LEDRU &#8211; 12, av de Revel &#8211; St-Orens-de-Gameville<br>\u2022 Tours Centre de Bois-Gibert \u2013 Ballan-Mir\u00e9<br>\u2022 St-Denis-de-La-R\u00e9union Clinique St Clotilde \u2013 Service du Dr Philippe BLANC<\/p>\n\n\n\n<p>Pour la partie pratique du stage \u00ab AVC \u00bb, les participants sont accueillis, dans des services hospitaliers sp\u00e9cialis\u00e9s en M\u00e9decine Physique et de R\u00e9adaptation (MPR)<\/p>\n\n\n\n<p>\u2022 Paris H\u00f4pital Fernand Widal &#8211; Service du Pr Alain YELNIK &#8211; 200, rue du Faubourg St Denis \u2013 Paris 10\u00e8me<\/p>\n\n\n\n<figure class=\"wp-block-gallery has-nested-images columns-default is-cropped wp-block-gallery-1 is-layout-flex wp-block-gallery-is-layout-flex\">\n<figure class=\"wp-block-image size-large\"><img loading=\"lazy\" decoding=\"async\" width=\"1024\" height=\"768\" data-id=\"249\" src=\"https:\/\/coeur-et-travail.com\/wp-content\/uploads\/2024\/12\/1731606639398-1024x768.jpg\" alt=\"\" class=\"wp-image-249\" srcset=\"https:\/\/coeur-et-travail.com\/wp-content\/uploads\/2024\/12\/1731606639398-1024x768.jpg 1024w, https:\/\/coeur-et-travail.com\/wp-content\/uploads\/2024\/12\/1731606639398-300x225.jpg 300w, https:\/\/coeur-et-travail.com\/wp-content\/uploads\/2024\/12\/1731606639398-2000x1500.jpg 2000w\" sizes=\"auto, (max-width: 1024px) 100vw, 1024px\" \/><\/figure>\n\n\n\n<figure class=\"wp-block-image size-large\"><img loading=\"lazy\" decoding=\"async\" width=\"768\" height=\"1024\" data-id=\"248\" src=\"https:\/\/coeur-et-travail.com\/wp-content\/uploads\/2024\/12\/1731606639407-Copie-768x1024.jpg\" alt=\"\" class=\"wp-image-248\" srcset=\"https:\/\/coeur-et-travail.com\/wp-content\/uploads\/2024\/12\/1731606639407-Copie-768x1024.jpg 768w, https:\/\/coeur-et-travail.com\/wp-content\/uploads\/2024\/12\/1731606639407-Copie-225x300.jpg 225w, https:\/\/coeur-et-travail.com\/wp-content\/uploads\/2024\/12\/1731606639407-Copie-2000x2667.jpg 2000w, https:\/\/coeur-et-travail.com\/wp-content\/uploads\/2024\/12\/1731606639407-Copie-scaled.jpg 1920w\" sizes=\"auto, (max-width: 768px) 100vw, 768px\" \/><\/figure>\n\n\n\n<figure class=\"wp-block-image size-large\"><img loading=\"lazy\" decoding=\"async\" width=\"1024\" height=\"768\" data-id=\"247\" src=\"https:\/\/coeur-et-travail.com\/wp-content\/uploads\/2024\/12\/WhatsApp-Image-2024-12-07-a-18.19.05_172fbaba-Copie-1024x768.jpg\" alt=\"\" class=\"wp-image-247\" srcset=\"https:\/\/coeur-et-travail.com\/wp-content\/uploads\/2024\/12\/WhatsApp-Image-2024-12-07-a-18.19.05_172fbaba-Copie-1024x768.jpg 1024w, https:\/\/coeur-et-travail.com\/wp-content\/uploads\/2024\/12\/WhatsApp-Image-2024-12-07-a-18.19.05_172fbaba-Copie-300x225.jpg 300w, https:\/\/coeur-et-travail.com\/wp-content\/uploads\/2024\/12\/WhatsApp-Image-2024-12-07-a-18.19.05_172fbaba-Copie.jpg 1600w\" sizes=\"auto, (max-width: 1024px) 100vw, 1024px\" \/><\/figure>\n\n\n\n<figure class=\"wp-block-image size-large\"><img loading=\"lazy\" decoding=\"async\" width=\"768\" height=\"1024\" data-id=\"245\" src=\"https:\/\/coeur-et-travail.com\/wp-content\/uploads\/2024\/12\/WhatsApp-Image-2024-12-07-a-18.19.04_a747dae2-Copie-768x1024.jpg\" alt=\"\" class=\"wp-image-245\" srcset=\"https:\/\/coeur-et-travail.com\/wp-content\/uploads\/2024\/12\/WhatsApp-Image-2024-12-07-a-18.19.04_a747dae2-Copie-768x1024.jpg 768w, https:\/\/coeur-et-travail.com\/wp-content\/uploads\/2024\/12\/WhatsApp-Image-2024-12-07-a-18.19.04_a747dae2-Copie-225x300.jpg 225w, https:\/\/coeur-et-travail.com\/wp-content\/uploads\/2024\/12\/WhatsApp-Image-2024-12-07-a-18.19.04_a747dae2-Copie.jpg 1200w\" sizes=\"auto, (max-width: 768px) 100vw, 768px\" \/><\/figure>\n\n\n\n<figure class=\"wp-block-image size-large\"><img loading=\"lazy\" decoding=\"async\" width=\"1024\" height=\"768\" data-id=\"246\" src=\"https:\/\/coeur-et-travail.com\/wp-content\/uploads\/2024\/12\/WhatsApp-Image-2024-12-07-a-18.19.04_bdee1784-1024x768.jpg\" alt=\"\" class=\"wp-image-246\" srcset=\"https:\/\/coeur-et-travail.com\/wp-content\/uploads\/2024\/12\/WhatsApp-Image-2024-12-07-a-18.19.04_bdee1784-1024x768.jpg 1024w, https:\/\/coeur-et-travail.com\/wp-content\/uploads\/2024\/12\/WhatsApp-Image-2024-12-07-a-18.19.04_bdee1784-300x225.jpg 300w, https:\/\/coeur-et-travail.com\/wp-content\/uploads\/2024\/12\/WhatsApp-Image-2024-12-07-a-18.19.04_bdee1784.jpg 1600w\" sizes=\"auto, (max-width: 1024px) 100vw, 1024px\" \/><\/figure>\n\n\n\n<figure class=\"wp-block-image size-large\"><img loading=\"lazy\" decoding=\"async\" width=\"1024\" height=\"768\" data-id=\"244\" src=\"https:\/\/coeur-et-travail.com\/wp-content\/uploads\/2024\/12\/WhatsApp-Image-2024-12-07-a-18.19.04_61e302a1-Copie-1024x768.jpg\" alt=\"\" class=\"wp-image-244\" srcset=\"https:\/\/coeur-et-travail.com\/wp-content\/uploads\/2024\/12\/WhatsApp-Image-2024-12-07-a-18.19.04_61e302a1-Copie-1024x768.jpg 1024w, https:\/\/coeur-et-travail.com\/wp-content\/uploads\/2024\/12\/WhatsApp-Image-2024-12-07-a-18.19.04_61e302a1-Copie-300x225.jpg 300w, https:\/\/coeur-et-travail.com\/wp-content\/uploads\/2024\/12\/WhatsApp-Image-2024-12-07-a-18.19.04_61e302a1-Copie.jpg 1600w\" sizes=\"auto, (max-width: 1024px) 100vw, 1024px\" \/><\/figure>\n\n\n\n<figure class=\"wp-block-image size-large\"><img loading=\"lazy\" decoding=\"async\" width=\"1024\" height=\"768\" data-id=\"243\" src=\"https:\/\/coeur-et-travail.com\/wp-content\/uploads\/2024\/12\/WhatsApp-Image-2024-12-07-a-18.19.04_3f6d6edb-Copie-1024x768.jpg\" alt=\"\" class=\"wp-image-243\" srcset=\"https:\/\/coeur-et-travail.com\/wp-content\/uploads\/2024\/12\/WhatsApp-Image-2024-12-07-a-18.19.04_3f6d6edb-Copie-1024x768.jpg 1024w, https:\/\/coeur-et-travail.com\/wp-content\/uploads\/2024\/12\/WhatsApp-Image-2024-12-07-a-18.19.04_3f6d6edb-Copie-300x225.jpg 300w, https:\/\/coeur-et-travail.com\/wp-content\/uploads\/2024\/12\/WhatsApp-Image-2024-12-07-a-18.19.04_3f6d6edb-Copie.jpg 1600w\" sizes=\"auto, (max-width: 1024px) 100vw, 1024px\" \/><\/figure>\n\n\n\n<figure class=\"wp-block-image size-large\"><img loading=\"lazy\" decoding=\"async\" width=\"768\" height=\"1024\" data-id=\"240\" src=\"https:\/\/coeur-et-travail.com\/wp-content\/uploads\/2024\/12\/WhatsApp-Image-2024-12-07-a-18.17.58_8f1c5218-Copie-768x1024.jpg\" alt=\"\" class=\"wp-image-240\" srcset=\"https:\/\/coeur-et-travail.com\/wp-content\/uploads\/2024\/12\/WhatsApp-Image-2024-12-07-a-18.17.58_8f1c5218-Copie-768x1024.jpg 768w, https:\/\/coeur-et-travail.com\/wp-content\/uploads\/2024\/12\/WhatsApp-Image-2024-12-07-a-18.17.58_8f1c5218-Copie-225x300.jpg 225w, https:\/\/coeur-et-travail.com\/wp-content\/uploads\/2024\/12\/WhatsApp-Image-2024-12-07-a-18.17.58_8f1c5218-Copie.jpg 1200w\" sizes=\"auto, (max-width: 768px) 100vw, 768px\" \/><\/figure>\n\n\n\n<figure class=\"wp-block-image size-large\"><img loading=\"lazy\" decoding=\"async\" width=\"1024\" height=\"768\" data-id=\"241\" src=\"https:\/\/coeur-et-travail.com\/wp-content\/uploads\/2024\/12\/WhatsApp-Image-2024-12-07-a-18.17.58_905271d0-Copie-1024x768.jpg\" alt=\"\" class=\"wp-image-241\" srcset=\"https:\/\/coeur-et-travail.com\/wp-content\/uploads\/2024\/12\/WhatsApp-Image-2024-12-07-a-18.17.58_905271d0-Copie-1024x768.jpg 1024w, https:\/\/coeur-et-travail.com\/wp-content\/uploads\/2024\/12\/WhatsApp-Image-2024-12-07-a-18.17.58_905271d0-Copie-300x225.jpg 300w, https:\/\/coeur-et-travail.com\/wp-content\/uploads\/2024\/12\/WhatsApp-Image-2024-12-07-a-18.17.58_905271d0-Copie.jpg 1600w\" sizes=\"auto, (max-width: 1024px) 100vw, 1024px\" \/><\/figure>\n\n\n\n<figure class=\"wp-block-image size-large\"><img loading=\"lazy\" decoding=\"async\" width=\"1024\" height=\"768\" data-id=\"237\" src=\"https:\/\/coeur-et-travail.com\/wp-content\/uploads\/2024\/12\/WhatsApp-Image-2024-12-07-a-18.17.57_ab83cf79-Copie-1024x768.jpg\" alt=\"\" class=\"wp-image-237\" srcset=\"https:\/\/coeur-et-travail.com\/wp-content\/uploads\/2024\/12\/WhatsApp-Image-2024-12-07-a-18.17.57_ab83cf79-Copie-1024x768.jpg 1024w, https:\/\/coeur-et-travail.com\/wp-content\/uploads\/2024\/12\/WhatsApp-Image-2024-12-07-a-18.17.57_ab83cf79-Copie-300x225.jpg 300w, https:\/\/coeur-et-travail.com\/wp-content\/uploads\/2024\/12\/WhatsApp-Image-2024-12-07-a-18.17.57_ab83cf79-Copie.jpg 1600w\" sizes=\"auto, (max-width: 1024px) 100vw, 1024px\" \/><\/figure>\n\n\n\n<figure class=\"wp-block-image size-large\"><img loading=\"lazy\" decoding=\"async\" width=\"1024\" height=\"768\" data-id=\"238\" src=\"https:\/\/coeur-et-travail.com\/wp-content\/uploads\/2024\/12\/WhatsApp-Image-2024-12-07-a-18.17.57_20dc6306-Copie-1024x768.jpg\" alt=\"\" class=\"wp-image-238\" srcset=\"https:\/\/coeur-et-travail.com\/wp-content\/uploads\/2024\/12\/WhatsApp-Image-2024-12-07-a-18.17.57_20dc6306-Copie-1024x768.jpg 1024w, https:\/\/coeur-et-travail.com\/wp-content\/uploads\/2024\/12\/WhatsApp-Image-2024-12-07-a-18.17.57_20dc6306-Copie-300x225.jpg 300w, https:\/\/coeur-et-travail.com\/wp-content\/uploads\/2024\/12\/WhatsApp-Image-2024-12-07-a-18.17.57_20dc6306-Copie.jpg 1600w\" sizes=\"auto, (max-width: 1024px) 100vw, 1024px\" \/><\/figure>\n\n\n\n<figure class=\"wp-block-image size-large\"><img loading=\"lazy\" decoding=\"async\" width=\"1024\" height=\"768\" data-id=\"236\" src=\"https:\/\/coeur-et-travail.com\/wp-content\/uploads\/2024\/12\/WhatsApp-Image-2024-12-07-a-18.17.57_837ace23-Copie-1024x768.jpg\" alt=\"\" class=\"wp-image-236\" srcset=\"https:\/\/coeur-et-travail.com\/wp-content\/uploads\/2024\/12\/WhatsApp-Image-2024-12-07-a-18.17.57_837ace23-Copie-1024x768.jpg 1024w, https:\/\/coeur-et-travail.com\/wp-content\/uploads\/2024\/12\/WhatsApp-Image-2024-12-07-a-18.17.57_837ace23-Copie-300x225.jpg 300w, https:\/\/coeur-et-travail.com\/wp-content\/uploads\/2024\/12\/WhatsApp-Image-2024-12-07-a-18.17.57_837ace23-Copie.jpg 1600w\" sizes=\"auto, (max-width: 1024px) 100vw, 1024px\" \/><\/figure>\n\n\n\n<figure class=\"wp-block-image size-large\"><img loading=\"lazy\" decoding=\"async\" width=\"1024\" height=\"768\" data-id=\"226\" src=\"https:\/\/coeur-et-travail.com\/wp-content\/uploads\/2024\/12\/StockSnap_6O7JXC5DC5-1024x768.jpg\" alt=\"\" class=\"wp-image-226\" srcset=\"https:\/\/coeur-et-travail.com\/wp-content\/uploads\/2024\/12\/StockSnap_6O7JXC5DC5-1024x768.jpg 1024w, https:\/\/coeur-et-travail.com\/wp-content\/uploads\/2024\/12\/StockSnap_6O7JXC5DC5-300x225.jpg 300w, https:\/\/coeur-et-travail.com\/wp-content\/uploads\/2024\/12\/StockSnap_6O7JXC5DC5-2000x1500.jpg 2000w\" sizes=\"auto, (max-width: 1024px) 100vw, 1024px\" \/><\/figure>\n<\/figure>\n","protected":false},"excerpt":{"rendered":"<p>(lieux susceptibles de modification en cas de n\u00e9cessit\u00e9) \u2022 Paris Espace Trinit\u00e9 \u2013 3, rue de la Trinit\u00e9 \u2013 Paris 9\u00e8me\u2022 Lyon Mercure Lyon Charpennes, 7 place Charles HERNU, 69100 VILLEURBANNE Pour la partie pratique du stage \u00ab Reprise du travail apr\u00e8s \u00e9v\u00e9nement cardiovasculaire \u00bb, les participants sont accueillis, dans des services hospitaliers sp\u00e9cialis\u00e9s pour &hellip; <\/p>\n<p class=\"link-more\"><a href=\"https:\/\/coeur-et-travail.com\/index.php\/sites-daccueil\/\" class=\"more-link\">Lire la suite de<span class=\"screen-reader-text\">\u00ab\u00a0Sites d\u2019accueil\u00a0\u00bb<\/span><\/a><\/p>\n","protected":false},"author":1,"featured_media":0,"parent":0,"menu_order":0,"comment_status":"closed","ping_status":"closed","template":"","meta":{"footnotes":""},"class_list":["post-19","page","type-page","status-publish","hentry"],"_links":{"self":[{"href":"https:\/\/coeur-et-travail.com\/index.php\/wp-json\/wp\/v2\/pages\/19","targetHints":{"allow":["GET"]}}],"collection":[{"href":"https:\/\/coeur-et-travail.com\/index.php\/wp-json\/wp\/v2\/pages"}],"about":[{"href":"https:\/\/coeur-et-travail.com\/index.php\/wp-json\/wp\/v2\/types\/page"}],"author":[{"embeddable":true,"href":"https:\/\/coeur-et-travail.com\/index.php\/wp-json\/wp\/v2\/users\/1"}],"replies":[{"embeddable":true,"href":"https:\/\/coeur-et-travail.com\/index.php\/wp-json\/wp\/v2\/comments?post=19"}],"version-history":[{"count":6,"href":"https:\/\/coeur-et-travail.com\/index.php\/wp-json\/wp\/v2\/pages\/19\/revisions"}],"predecessor-version":[{"id":493,"href":"https:\/\/coeur-et-travail.com\/index.php\/wp-json\/wp\/v2\/pages\/19\/revisions\/493"}],"wp:attachment":[{"href":"https:\/\/coeur-et-travail.com\/index.php\/wp-json\/wp\/v2\/media?parent=19"}],"curies":[{"name":"wp","href":"https:\/\/api.w.org\/{rel}","templated":true}]}}