{"id":198,"date":"2024-12-11T16:16:50","date_gmt":"2024-12-11T15:16:50","guid":{"rendered":"http:\/\/coeur-et-travail.com\/?page_id=198"},"modified":"2024-12-23T09:06:20","modified_gmt":"2024-12-23T08:06:20","slug":"cardiofrequencemetrie-paris-decembre-2025","status":"publish","type":"page","link":"https:\/\/coeur-et-travail.com\/index.php\/cardiofrequencemetrie-paris-decembre-2025\/","title":{"rendered":"CARDIOFR\u00c9QUENCEM\u00c9TRIE, Paris d\u00e9cembre 2025"},"content":{"rendered":"\n<div data-wp-interactive=\"core\/file\" class=\"wp-block-file\"><object data-wp-bind--hidden=\"!state.hasPdfPreview\" hidden class=\"wp-block-file__embed\" data=\"https:\/\/coeur-et-travail.com\/wp-content\/uploads\/2024\/12\/CARDIOFREQUENCEMETRIE-PARIS-DECEMBRE-2025-1.pdf\" type=\"application\/pdf\" style=\"width:100%;height:600px\" aria-label=\"Contenu embarqu\u00e9 CARDIOFREQUENCEMETRIE PARIS DECEMBRE 2025.\"><\/object><a id=\"wp-block-file--media-2172e3f7-9ce1-4dd0-8fdd-362c1a1a3473\" href=\"https:\/\/coeur-et-travail.com\/wp-content\/uploads\/2024\/12\/CARDIOFREQUENCEMETRIE-PARIS-DECEMBRE-2025-1.pdf\">CARDIOFREQUENCEMETRIE PARIS DECEMBRE 2025<\/a><a href=\"https:\/\/coeur-et-travail.com\/wp-content\/uploads\/2024\/12\/CARDIOFREQUENCEMETRIE-PARIS-DECEMBRE-2025-1.pdf\" class=\"wp-block-file__button wp-element-button\" download aria-describedby=\"wp-block-file--media-2172e3f7-9ce1-4dd0-8fdd-362c1a1a3473\">T\u00e9l\u00e9charger<\/a><\/div>\n","protected":false},"excerpt":{"rendered":"","protected":false},"author":1,"featured_media":0,"parent":0,"menu_order":0,"comment_status":"closed","ping_status":"closed","template":"","meta":{"footnotes":""},"class_list":["post-198","page","type-page","status-publish","hentry"],"_links":{"self":[{"href":"https:\/\/coeur-et-travail.com\/index.php\/wp-json\/wp\/v2\/pages\/198","targetHints":{"allow":["GET"]}}],"collection":[{"href":"https:\/\/coeur-et-travail.com\/index.php\/wp-json\/wp\/v2\/pages"}],"about":[{"href":"https:\/\/coeur-et-travail.com\/index.php\/wp-json\/wp\/v2\/types\/page"}],"author":[{"embeddable":true,"href":"https:\/\/coeur-et-travail.com\/index.php\/wp-json\/wp\/v2\/users\/1"}],"replies":[{"embeddable":true,"href":"https:\/\/coeur-et-travail.com\/index.php\/wp-json\/wp\/v2\/comments?post=198"}],"version-history":[{"count":2,"href":"https:\/\/coeur-et-travail.com\/index.php\/wp-json\/wp\/v2\/pages\/198\/revisions"}],"predecessor-version":[{"id":289,"href":"https:\/\/coeur-et-travail.com\/index.php\/wp-json\/wp\/v2\/pages\/198\/revisions\/289"}],"wp:attachment":[{"href":"https:\/\/coeur-et-travail.com\/index.php\/wp-json\/wp\/v2\/media?parent=198"}],"curies":[{"name":"wp","href":"https:\/\/api.w.org\/{rel}","templated":true}]}}

CARDIOFRÉQUENCEMÉTRIE, Paris décembre 2025

<div data-wp-interactive="core/file" class="wp-block-file"><object data-wp-bind--hidden="!state.hasPdfPreview" hidden class="wp-block-file__embed" data="https://coeur-et-travail.com/wp-content/uploads/2024/12/CARDIOFREQUENCEMETRIE-PARIS-DECEMBRE-2025-1.pdf" type="application/pdf" style="width:100%;height:600px" aria-label="Contenu embarqué CARDIOFREQUENCEMETRIE PARIS DECEMBRE 2025."></object><a id="wp-block-file--media-2172e3f7-9ce1-4dd0-8fdd-362c1a1a3473" href="https://coeur-et-travail.com/wp-content/uploads/2024/12/CARDIOFREQUENCEMETRIE-PARIS-DECEMBRE-2025-1.pdf">CARDIOFREQUENCEMETRIE PARIS DECEMBRE 2025</a><a href="https://coeur-et-travail.com/wp-content/uploads/2024/12/CARDIOFREQUENCEMETRIE-PARIS-DECEMBRE-2025-1.pdf" class="wp-block-file__button wp-element-button" download aria-describedby="wp-block-file--media-2172e3f7-9ce1-4dd0-8fdd-362c1a1a3473">Télécharger</a></div>
