{"id":22,"date":"2024-12-09T15:39:53","date_gmt":"2024-12-09T14:39:53","guid":{"rendered":"http:\/\/coeur-et-travail.com\/?page_id=22"},"modified":"2026-01-29T13:26:25","modified_gmt":"2026-01-29T12:26:25","slug":"vous-inscrire-a-un-stage","status":"publish","type":"page","link":"https:\/\/coeur-et-travail.com\/index.php\/vous-inscrire-a-un-stage\/","title":{"rendered":"Vous inscrire \u00e0 un stage"},"content":{"rendered":"\n<p>>>> <mark style=\"background-color:rgba(0, 0, 0, 0)\" class=\"has-inline-color has-secondary-color\"><strong><a href=\"https:\/\/coeur-et-travail.catalogueformpro.com\/\" data-type=\"page\" data-id=\"384\" target=\"_blank\" rel=\"noreferrer noopener\">Pour plus de rapidit\u00e9 de traitement, inscrivez-vous en ligne via notre formulaire d\u2019inscription \u00e9lectronique et recevez votre convention de formation \u00e0 nous retourner sign\u00e9e (cliquer ici)<\/a><\/strong><\/mark> &lt;&lt;&lt;<\/p>\n\n\n\n<p>Pour vous inscrire \u00e0 l&rsquo;un des stages propos\u00e9s, vous pouvez aussi d\u00e8s \u00e0 pr\u00e9sent imprimer le formulaire se trouvant dans le lien ci dessous.<br>Puis vous pouvez nous le retourner par courrier \u00e0 cette adresse: Coeur et Travail : 27,rue La Bruy\u00e8re &#8211; 75009 Paris<\/p>\n\n\n\n<p>Bulletin d&rsquo;inscription ( N\u00e9cessite le logiciel Adobe Acrobat Reader )<\/p>\n\n\n\n<div data-wp-interactive=\"core\/file\" class=\"wp-block-file\"><object data-wp-bind--hidden=\"!state.hasPdfPreview\" hidden class=\"wp-block-file__embed\" data=\"https:\/\/coeur-et-travail.com\/wp-content\/uploads\/2024\/12\/formulaire_inscription-V202402-a.pdf\" type=\"application\/pdf\" style=\"width:100%;height:600px\" aria-label=\"Contenu embarqu\u00e9 formulaire_inscription-V202402-a.\"><\/object><a id=\"wp-block-file--media-e6a43cc9-01a3-4cea-9651-f5a39aeb6b9c\" href=\"https:\/\/coeur-et-travail.com\/wp-content\/uploads\/2024\/12\/formulaire_inscription-V202402-a.pdf\">formulaire_inscription-V202402-a<\/a><a href=\"https:\/\/coeur-et-travail.com\/wp-content\/uploads\/2024\/12\/formulaire_inscription-V202402-a.pdf\" class=\"wp-block-file__button wp-element-button\" download aria-describedby=\"wp-block-file--media-e6a43cc9-01a3-4cea-9651-f5a39aeb6b9c\">T\u00e9l\u00e9charger<\/a><\/div>\n\n\n\n<p>=&gt; AUCUNE INSCRIPTION EN LIGNE &lt;=<\/p>\n\n\n\n<p><\/p>\n","protected":false},"excerpt":{"rendered":"<p>>>> Pour plus de rapidit\u00e9 de traitement, inscrivez-vous en ligne via notre formulaire d\u2019inscription \u00e9lectronique et recevez votre convention de formation \u00e0 nous retourner sign\u00e9e (cliquer ici) &lt;&lt;&lt; Pour vous inscrire \u00e0 l&rsquo;un des stages propos\u00e9s, vous pouvez aussi d\u00e8s \u00e0 pr\u00e9sent imprimer le formulaire se trouvant dans le lien ci dessous.Puis vous pouvez nous &hellip; <\/p>\n<p class=\"link-more\"><a href=\"https:\/\/coeur-et-travail.com\/index.php\/vous-inscrire-a-un-stage\/\" class=\"more-link\">Lire la suite de<span class=\"screen-reader-text\">\u00ab\u00a0Vous inscrire \u00e0 un stage\u00a0\u00bb<\/span><\/a><\/p>\n","protected":false},"author":1,"featured_media":0,"parent":0,"menu_order":0,"comment_status":"closed","ping_status":"closed","template":"","meta":{"footnotes":""},"class_list":["post-22","page","type-page","status-publish","hentry"],"_links":{"self":[{"href":"https:\/\/coeur-et-travail.com\/index.php\/wp-json\/wp\/v2\/pages\/22","targetHints":{"allow":["GET"]}}],"collection":[{"href":"https:\/\/coeur-et-travail.com\/index.php\/wp-json\/wp\/v2\/pages"}],"about":[{"href":"https:\/\/coeur-et-travail.com\/index.php\/wp-json\/wp\/v2\/types\/page"}],"author":[{"embeddable":true,"href":"https:\/\/coeur-et-travail.com\/index.php\/wp-json\/wp\/v2\/users\/1"}],"replies":[{"embeddable":true,"href":"https:\/\/coeur-et-travail.com\/index.php\/wp-json\/wp\/v2\/comments?post=22"}],"version-history":[{"count":4,"href":"https:\/\/coeur-et-travail.com\/index.php\/wp-json\/wp\/v2\/pages\/22\/revisions"}],"predecessor-version":[{"id":759,"href":"https:\/\/coeur-et-travail.com\/index.php\/wp-json\/wp\/v2\/pages\/22\/revisions\/759"}],"wp:attachment":[{"href":"https:\/\/coeur-et-travail.com\/index.php\/wp-json\/wp\/v2\/media?parent=22"}],"curies":[{"name":"wp","href":"https:\/\/api.w.org\/{rel}","templated":true}]}}

Vous inscrire à un stage

<p>>>> <mark style="background-color:rgba(0, 0, 0, 0)" class="has-inline-color has-secondary-color"><strong><a href="https://coeur-et-travail.catalogueformpro.com/" data-type="page" data-id="384" target="_blank" rel="noreferrer noopener">Pour plus de rapidité de traitement, inscrivez-vous en ligne via notre formulaire d’inscription électronique et recevez votre convention de formation à nous retourner signée (cliquer ici)</a></strong></mark> &lt;&lt;&lt;</p>



<p>Pour vous inscrire à l&rsquo;un des stages proposés, vous pouvez aussi dès à présent imprimer le formulaire se trouvant dans le lien ci dessous.<br>Puis vous pouvez nous le retourner par courrier à cette adresse: Coeur et Travail : 27,rue La Bruyère &#8211; 75009 Paris</p>



<p>Bulletin d&rsquo;inscription ( Nécessite le logiciel Adobe Acrobat Reader )</p>



<div data-wp-interactive="core/file" class="wp-block-file"><object data-wp-bind--hidden="!state.hasPdfPreview" hidden class="wp-block-file__embed" data="https://coeur-et-travail.com/wp-content/uploads/2024/12/formulaire_inscription-V202402-a.pdf" type="application/pdf" style="width:100%;height:600px" aria-label="Contenu embarqué formulaire_inscription-V202402-a."></object><a id="wp-block-file--media-e6a43cc9-01a3-4cea-9651-f5a39aeb6b9c" href="https://coeur-et-travail.com/wp-content/uploads/2024/12/formulaire_inscription-V202402-a.pdf">formulaire_inscription-V202402-a</a><a href="https://coeur-et-travail.com/wp-content/uploads/2024/12/formulaire_inscription-V202402-a.pdf" class="wp-block-file__button wp-element-button" download aria-describedby="wp-block-file--media-e6a43cc9-01a3-4cea-9651-f5a39aeb6b9c">Télécharger</a></div>



<p>=&gt; AUCUNE INSCRIPTION EN LIGNE &lt;=</p>



<p></p>

<p>>>> Pour plus de rapidité de traitement, inscrivez-vous en ligne via notre formulaire d’inscription électronique et recevez votre convention de formation à nous retourner signée (cliquer ici) &lt;&lt;&lt; Pour vous inscrire à l&rsquo;un des stages proposés, vous pouvez aussi dès à présent imprimer le formulaire se trouvant dans le lien ci dessous.Puis vous pouvez nous &hellip; </p>
<p class="link-more"><a href="https://coeur-et-travail.com/index.php/vous-inscrire-a-un-stage/" class="more-link">Lire la suite de<span class="screen-reader-text">« Vous inscrire à un stage »</span></a></p>
