{"id":3,"date":"2024-12-09T15:00:39","date_gmt":"2024-12-09T14:00:39","guid":{"rendered":"http:\/\/coeur-et-travail.com\/?page_id=3"},"modified":"2024-12-11T16:45:36","modified_gmt":"2024-12-11T15:45:36","slug":"politique-de-confidentialite","status":"publish","type":"page","link":"https:\/\/coeur-et-travail.com\/index.php\/politique-de-confidentialite\/","title":{"rendered":"Politique de confidentialit\u00e9"},"content":{"rendered":"\n<p><strong>Mentions L\u00e9gales<\/strong><\/p>\n\n\n\n<p>Pr\u00e9ambule&nbsp;<br>Cette politique fixe la mani\u00e8re dont nous traitons l&rsquo;information que nous recueillons \u00e0 votre sujet quand vous visitez notre site.<br>Nous attachons la plus grande importance au respect de la vie priv\u00e9e et des donn\u00e9es individuelles de nos utilisateurs. Nous attachons \u00e9galement une haute importance \u00e0 la protection de votre vie priv\u00e9e et de vos donn\u00e9es individuelles dans la mani\u00e8re dont nous cr\u00e9ons, organisons et mettons en ouvre nos activit\u00e9s en ligne et hors ligne.<br>Afin de maintenir une protection maximale quant aux donn\u00e9es \u00e0 caract\u00e8re personnel que nous traitons, notre site, sous le contr\u00f4le de notre correspondant \u00e0 la protection des donn\u00e9es et les entit\u00e9s les administrant (h\u00e9bergeur, prestataires informatiques) se conformeront aux principes d\u00e9sign\u00e9s dans les textes nationaux et communautaires.<\/p>\n\n\n\n<p><strong>Administration du site<\/strong><br>Le Site www.coeur-et-travail.com est administr\u00e9 en France et est h\u00e9berg\u00e9 par la Soci\u00e9t\u00e9 OVH, SAS OVH sas<br>IANA ID: 433 \/ URL: https:\/\/www.ovh.com,<br>Whois Server: whois.ovh.com<br><br>Si\u00e8ge social OVH<br>SAS au capital de 10 174 560 ?<br>RCS Lille M\u00e9tropole 424 761 419 00045<br>Code APE 2620Z<br>N\u00b0 TVA : FR 22 424 761 419<br>Si\u00e8ge social : 2 rue Kellermann &#8211; 59100 Roubaix &#8211; France<br>OVH SAS est une filiale de la soci\u00e9t\u00e9 OVH Groupe SA, soci\u00e9t\u00e9 immatricul\u00e9e au RCS de Lille sous le num\u00e9ro 537 407 926 sise 2, rue Kellermann, 59100 Roubaix.<br>Directeur de la publication&nbsp;:&nbsp;Michel Paulin<br>Ce site est h\u00e9berg\u00e9 par OVH SAS 2 rue Kellermann &#8211; 59100 Roubaix &#8211; France<\/p>\n\n\n\n<p>Les pratiques sp\u00e9cifiques d\u00e9crites dans cette d\u00e9claration de politique de la vie priv\u00e9e ne concernent que le site Internet susmentionn\u00e9. Des liens externes d&rsquo;autres organes\/entit\u00e9s li\u00e9 (e)s \u00e0 Cour-et-travail peuvent \u00eatre pr\u00e9sents sur notre site, \u00e0 des fins de partenariat. Nous vous recommandons d&rsquo;examiner les d\u00e9clarations de politique de la vie priv\u00e9e des autres organes\/entit\u00e9s lorsque vous visitez leur(s) site(s) Internet.<br>Nous attirons votre attention sur le fait que nous ne sommes en aucun cas responsables de la Politique de confidentialit\u00e9 et du contenu des autres sites.<br><br><strong>Sp\u00e9cifications sur l&rsquo;usage et la collecte de donn\u00e9es<\/strong><br>En g\u00e9n\u00e9ral, il vous est possible de consudlter notre site internet sans divulguer d&rsquo;informations personnelles. Toutefois, certains services que vous utilisez exigent la collecte et la conservation d&rsquo;un certain nombre d&rsquo;\u00e9l\u00e9ments reconnus automatiquement : la date et l&rsquo;heure, l&rsquo;adresse IP, le nom de domaine, le logiciel de navigation et le syst\u00e8me d&rsquo;exploitation utilis\u00e9s (si le navigateur communique cette information), l&rsquo;adresse de la page visit\u00e9e (si le navigateur la fournit), l&rsquo;objet demand\u00e9 et l&rsquo;\u00e9tat d&rsquo;ex\u00e9cution de la requ\u00eate. Le recueil de ces donn\u00e9es se fait au moyen de cookies, destin\u00e9s \u00e0 am\u00e9liorer nos services, et \u00e0 des fins \u00e9galement statistiques.<br>Nous conservons \u00e9galement un certain nombre de donn\u00e9es \u00e0 caract\u00e8re personnel que vous nous aurez fournies volontairement lors de l&rsquo;utilisation de certains services.<br><br><strong>Cookies et autres dispositifs<\/strong><br>Comme nous l&rsquo;avons indiqu\u00e9 pr\u00e9c\u00e9demment, lorsque notre site est visit\u00e9, nous collectons des informations anonymes qui nous permettent de mieux servir nos internautes. Par exemple, nous enregistrons les domaines depuis lesquels on visite notre site, et mesurons l&rsquo;activit\u00e9 des visiteurs sur notre site internet, mais sans attenter \u00e0 l&rsquo;anonymat des informations. Ces informations nous servent pour mesurer le nombre d&rsquo;internautes qui consultent chacune des parties de nos sites et \u00e0 rendre ceux-ci plus utile aux visiteurs. Cela suppose notamment de proc\u00e9der p\u00e9riodiquement \u00e0 une analyse des rapports d&rsquo;activit\u00e9s o\u00f9 sont consign\u00e9s ces renseignements pour mesurer le trafic de nos serveurs, le nombre de pages visit\u00e9es, le niveau de la demande de certaines pages et l&rsquo;int\u00e9r\u00eat suscit\u00e9 par les diff\u00e9rents sujets. Ces rapports peuvent \u00eatre conserv\u00e9s \u00e9ternellement et utilis\u00e9s \u00e0 tout moment et de quelque mani\u00e8re que ce soit afin de pr\u00e9venir les atteintes \u00e0 la s\u00e9curit\u00e9 et de pr\u00e9server l&rsquo;int\u00e9grit\u00e9 des donn\u00e9es de nos serveurs.<br><br>Pour collecter ces informations anonymes, nous recourons \u00e0 diff\u00e9rents dispositifs, parmi lesquels les \u00ab cookies \u00bb. Un cookie est un \u00e9l\u00e9ment de donn\u00e9es envoy\u00e9 sur votre navigateur depuis un site Internet et qui est enregistr\u00e9 sur votre disque dur. Des cookies sont pr\u00e9sents dans les espaces priv\u00e9s de notre site (si l&rsquo;utilisateur s&rsquo;y inscrit).<br>Vous pouvez d\u00e9sactiver les cookies, la proc\u00e9dure d\u00e9pend de votre navigateur :<br>&#8211; Google Chrome : tapez \u00ab chrome:\/\/settings\/cookies \u00bb dans la barre d&rsquo;adresse puis rep\u00e9rez et supprimez les fichiers correspondants au site<br>&#8211; Internet Explorer : suivre les instructions de la page d&rsquo;aide du navigateur<br>&#8211; Mozilla Firefox : suivre les instructions de la page d&rsquo;aide du navigateur<br>&#8211; Safari : suivre les instructions de la page d&rsquo;aide Apple pour les r\u00e9glages web sur iPhone, iPad et iPod touch ou sur mac<br>&#8211; Opera : suivre les instructions de la page d&rsquo;aide du navigateur<br>Par ailleurs, quand nous collectons des donn\u00e9es que vous nous communiquez \u00e0 l&rsquo;occasion d&rsquo;une inscription, nous pouvons extraire des \u00e9l\u00e9ments d&rsquo;information anonymes et les combiner avec d&rsquo;autres. Ces informations, qui ne peuvent \u00eatre utilis\u00e9es et analys\u00e9es que sous forme agr\u00e9g\u00e9e, nous servent \u00e0 mieux comprendre certaines tendances et certains profils d&rsquo;utilisation. Elles ne sont jamais trait\u00e9es individuellement.<br>Nous collectons les donn\u00e9es individuelles que vous nous fournissez dans le cadre de formulaires, ainsi que dans les courriers \u00e9lectroniques que vous nous envoyez. Nous n&rsquo;associons jamais les informations inscrites dans le cookie d&rsquo;un visiteur donn\u00e9 avec d&rsquo;autres renseignements individuels le concernant.<br>L&rsquo;ensemble de notre personnel et des op\u00e9rateurs qui ont acc\u00e8s aux donn\u00e9es individuelles et interviennent dans leur traitement est tenu de respecter leur confidentialit\u00e9.<br><br><br><strong>Libre choix du visiteur<\/strong><br>Toutes nos inscriptions respectent le principe de l&rsquo;Opt-In actif et n\u00e9cessitent toujours une action volontaire de votre part. Si vous choisissez de vous inscrire, les informations que vous fournissez seront accessibles au personnel de nos entit\u00e9s, qui l&rsquo;utiliseront dans le cadre de la gestion d&rsquo;\u00e9v\u00e9nements. Si vous ne souhaitez plus recevoir d&rsquo;informations promotionnelles ou d&rsquo;informations marketing de notre part ou de nos partenaires, il vous suffit de nous le faire savoir par courrier \u00e9lectronique mentionn\u00e9 dans la rubrique \u00ab mentions l\u00e9gales \u00bb ou en utilisant le lien de d\u00e9sinscription fourni au bas de chaque lettre d&rsquo;information.<br><br><br><strong>Transmission des donn\u00e9es<\/strong><br>Si vous choisissez de recevoir des courriers d&rsquo;autres entit\u00e9s, nous leur communiquerons uniquement votre adresse \u00e9lectronique. Toutefois, il faut savoir que ces entit\u00e9s peuvent observer des pratiques diff\u00e9rentes des n\u00f4tres en mati\u00e8re de protection de la vie priv\u00e9e. Nous vous conseillons de bien lire leur politique de protection des donn\u00e9es.<br><br><br><strong>Droit d&rsquo;acc\u00e8s, de rectification et d&rsquo;opposition<\/strong><br>Conform\u00e9ment aux articles 38 et suivants de la Loi 78-17 modifi\u00e9e, vous b\u00e9n\u00e9ficiez d&rsquo;un droit d&rsquo;acc\u00e8s, de rectification et d&rsquo;opposition, des donn\u00e9es vous concernant. Il faut adresser votre demande \u00e0 l&rsquo;adresse contact [@] oeur-et-travail.com ou par le biais de notre formulaire de contact.<br>Concernant le droit d&rsquo;acc\u00e8s : nous vous demanderons de nous fournir une preuve de votre identit\u00e9. Si vous n&rsquo;\u00eates pas en mesure de prouver votre identit\u00e9, nous nous r\u00e9servons le droit de refuser de vous envoyer les donn\u00e9es personnelles vous concernant. Nous nous effor\u00e7ons de r\u00e9pondre \u00e0 ces requ\u00eates dans des d\u00e9lais raisonnables.<br>Concernant les droits de rectification : les conditions pr\u00e9alables sont identiques \u00e0 celles concernant le droit d&rsquo;acc\u00e8s. Concernant le droit d&rsquo;opposition il concerne la prospection commerciale.<br><br><br><strong>S\u00e9curit\u00e9<\/strong><br>Notre pr\u00e9occupation est de pr\u00e9server la qualit\u00e9 et l&rsquo;int\u00e9grit\u00e9 de vos informations personnelles.<br>Les technologies ainsi que les politiques de s\u00e9curit\u00e9 appliqu\u00e9es par nous-m\u00eames et nos prestataires techniques permettent de prot\u00e9ger les donn\u00e9es personnelles de nos utilisateurs contre tout acc\u00e8s non autoris\u00e9, toute utilisation impropre, toute alt\u00e9ration, toute destruction malveillante ou accidentelle et toute perte involontaire de donn\u00e9es. Nous am\u00e9liorons sans cesse nos proc\u00e9dures de s\u00e9curit\u00e9 au fur et \u00e0 mesure de l&rsquo;\u00e9volution des technologies afin de maintenir un niveau de protection maximum. Notre personnel ainsi que celui des sous-traitants ayant acc\u00e8s aux donn\u00e9es individuelles sont tenus de respecter la vie priv\u00e9e de nos visiteurs et la confidentialit\u00e9 de leurs donn\u00e9es individuelles par contrat \u00e9crit.<br><br><br><strong>Publicit\u00e9 sur notre site<\/strong><br>Nous n&rsquo;avons aucune publicit\u00e9 sur notre site.<br><br><br><strong>Contact<\/strong><br>Pour toute question concernant notre politique de protection des donn\u00e9es, merci de nous contacter par l&rsquo;un des moyens mis \u00e0 votre disposition&nbsp;: Contact [@] coeur-et-travail.com ou notre formulaire de contact.<br>Conform\u00e9ment aux dispositions de l&rsquo;article 6 III de la loi n\u00b0 2004-575 du 21 juin 2004 pour la confiance dans l&rsquo;\u00e9conomie num\u00e9rique, nous vous informons que :<br>le pr\u00e9sent site est la propri\u00e9t\u00e9 de l&rsquo;association Cour et Travail, immatricul\u00e9e sous le num\u00e9ro SIREN 337&nbsp;996&nbsp;532, dont le si\u00e8ge est situ\u00e9 27 rue la Bruy\u00e8re 75009 PARIS 9.<br>La directrice de la publication du site Internet est Mme LAGARDE Yveline.<br><br><br><strong>Contacts cour et travail :<\/strong><br>par courrier \u00e9lectronique \u00e0 contact [@] coeur-et-travail.com<\/p>\n\n\n\n<p><\/p>\n","protected":false},"excerpt":{"rendered":"<p>Mentions L\u00e9gales Pr\u00e9ambule&nbsp;Cette politique fixe la mani\u00e8re dont nous traitons l&rsquo;information que nous recueillons \u00e0 votre sujet quand vous visitez notre site.Nous attachons la plus grande importance au respect de la vie priv\u00e9e et des donn\u00e9es individuelles de nos utilisateurs. Nous attachons \u00e9galement une haute importance \u00e0 la protection de votre vie priv\u00e9e et de &hellip; <\/p>\n<p class=\"link-more\"><a href=\"https:\/\/coeur-et-travail.com\/index.php\/politique-de-confidentialite\/\" class=\"more-link\">Lire la suite de<span class=\"screen-reader-text\">\u00ab\u00a0Politique de confidentialit\u00e9\u00a0\u00bb<\/span><\/a><\/p>\n","protected":false},"author":1,"featured_media":0,"parent":0,"menu_order":0,"comment_status":"closed","ping_status":"open","template":"","meta":{"footnotes":""},"class_list":["post-3","page","type-page","status-publish","hentry"],"_links":{"self":[{"href":"https:\/\/coeur-et-travail.com\/index.php\/wp-json\/wp\/v2\/pages\/3","targetHints":{"allow":["GET"]}}],"collection":[{"href":"https:\/\/coeur-et-travail.com\/index.php\/wp-json\/wp\/v2\/pages"}],"about":[{"href":"https:\/\/coeur-et-travail.com\/index.php\/wp-json\/wp\/v2\/types\/page"}],"author":[{"embeddable":true,"href":"https:\/\/coeur-et-travail.com\/index.php\/wp-json\/wp\/v2\/users\/1"}],"replies":[{"embeddable":true,"href":"https:\/\/coeur-et-travail.com\/index.php\/wp-json\/wp\/v2\/comments?post=3"}],"version-history":[{"count":1,"href":"https:\/\/coeur-et-travail.com\/index.php\/wp-json\/wp\/v2\/pages\/3\/revisions"}],"predecessor-version":[{"id":216,"href":"https:\/\/coeur-et-travail.com\/index.php\/wp-json\/wp\/v2\/pages\/3\/revisions\/216"}],"wp:attachment":[{"href":"https:\/\/coeur-et-travail.com\/index.php\/wp-json\/wp\/v2\/media?parent=3"}],"curies":[{"name":"wp","href":"https:\/\/api.w.org\/{rel}","templated":true}]}}