{"id":303,"date":"2024-12-23T09:57:31","date_gmt":"2024-12-23T08:57:31","guid":{"rendered":"https:\/\/coeur-et-travail.com\/?page_id=303"},"modified":"2024-12-23T09:57:31","modified_gmt":"2024-12-23T08:57:31","slug":"le-livre","status":"publish","type":"page","link":"https:\/\/coeur-et-travail.com\/index.php\/le-livre\/","title":{"rendered":"Le livre"},"content":{"rendered":"\n<p>Troisi\u00e8me \u00e9dition du livre, sous la direction de Bernard Pierre.<br>3e \u00e9dition<br>Prix : 68 \u20ac (franco de port)<\/p>\n\n\n\n<figure class=\"wp-block-image aligncenter size-full\"><img loading=\"lazy\" decoding=\"async\" width=\"406\" height=\"600\" src=\"https:\/\/coeur-et-travail.com\/wp-content\/uploads\/2024\/12\/LivreV3.jpg\" alt=\"\" class=\"wp-image-79\" srcset=\"https:\/\/coeur-et-travail.com\/wp-content\/uploads\/2024\/12\/LivreV3.jpg 406w, https:\/\/coeur-et-travail.com\/wp-content\/uploads\/2024\/12\/LivreV3-203x300.jpg 203w\" sizes=\"auto, (max-width: 406px) 100vw, 406px\" \/><\/figure>\n\n\n\n<p><a href=\"https:\/\/www.editions-frison-roche.com\/produit\/417\/9782876716278\/coeur-et-travail\" data-type=\"link\" data-id=\"https:\/\/www.editions-frison-roche.com\/produit\/417\/9782876716278\/coeur-et-travail\" target=\"_blank\" rel=\"noreferrer noopener\"><strong><mark style=\"background-color:rgba(0, 0, 0, 0)\" class=\"has-inline-color has-secondary-color\">>>>>>  Acheter le livre ici &lt;&lt;&lt;&lt;&lt; <\/mark><\/strong><\/a><\/p>\n\n\n\n<p><strong>Comit\u00e9 scientifique:<\/strong><br>Pierre Attali, Alain Chamoux, Sophie Durand, Virginie Genty, Chantal Habert, Jean-Pierre Houppe, Marie-Christine Iliou, Patrick Varaillac<\/p>\n\n\n\n<p>Pr\u00e9venir les accidents cardiovasculaires et savoir traiter et accompagner ceux qui en souffrent est la raison d&rsquo;\u00eatre de cet ouvrage. Pour vous, intervenants de la cha\u00eene de soins, m\u00e9decins traitants, cardiologues, m\u00e9decins du travail et de pr\u00e9vention, employeurs, Soixante-dix auteurs d\u00e9montent le subtil arrangement des causes et des cons\u00e9quences pouvant conduire \u00e0 des accidents de sant\u00e9 graves qui pourraient \u00eatre \u00e9vit\u00e9s. \u00ab\u00a0Pr\u00e9venir vaut mieux que gu\u00e9rir !\u00a0\u00bb il est admis que les conditions de travail et le stress psychosocial influent sur notre sant\u00e9 : on peut se rendre malade ! Cela ne peut plus \u00eatre pass\u00e9 sous silence.<br>La qualit\u00e9 de vie est bien le but ultime de la conjugaison crois\u00e9e des discours de toutes les parties concern\u00e9es. Il faut savoir \u00e9couter, parler, convaincre apr\u00e8s avoir examin\u00e9 et propos\u00e9 le traitement ajust\u00e9 aux recommandations et aux donn\u00e9es les plus r\u00e9centes de la connaissance.<\/p>\n\n\n\n<p>On ne va pas au travail pour risquer sa sant\u00e9, voire sa vie, et cet ouvrage a l&rsquo;ambition de contribuer \u00e0 diminuer le risque encore trop \u00e9lev\u00e9 de se tuer au travail.<\/p>\n\n\n\n<p><\/p>\n","protected":false},"excerpt":{"rendered":"<p>Troisi\u00e8me \u00e9dition du livre, sous la direction de Bernard Pierre.3e \u00e9ditionPrix : 68 \u20ac (franco de port) >>>>> Acheter le livre ici &lt;&lt;&lt;&lt;&lt; Comit\u00e9 scientifique:Pierre Attali, Alain Chamoux, Sophie Durand, Virginie Genty, Chantal Habert, Jean-Pierre Houppe, Marie-Christine Iliou, Patrick Varaillac Pr\u00e9venir les accidents cardiovasculaires et savoir traiter et accompagner ceux qui en souffrent est la &hellip; <\/p>\n<p class=\"link-more\"><a href=\"https:\/\/coeur-et-travail.com\/index.php\/le-livre\/\" class=\"more-link\">Lire la suite de<span class=\"screen-reader-text\">\u00ab\u00a0Le livre\u00a0\u00bb<\/span><\/a><\/p>\n","protected":false},"author":1,"featured_media":0,"parent":0,"menu_order":0,"comment_status":"closed","ping_status":"closed","template":"","meta":{"footnotes":""},"class_list":["post-303","page","type-page","status-publish","hentry"],"_links":{"self":[{"href":"https:\/\/coeur-et-travail.com\/index.php\/wp-json\/wp\/v2\/pages\/303","targetHints":{"allow":["GET"]}}],"collection":[{"href":"https:\/\/coeur-et-travail.com\/index.php\/wp-json\/wp\/v2\/pages"}],"about":[{"href":"https:\/\/coeur-et-travail.com\/index.php\/wp-json\/wp\/v2\/types\/page"}],"author":[{"embeddable":true,"href":"https:\/\/coeur-et-travail.com\/index.php\/wp-json\/wp\/v2\/users\/1"}],"replies":[{"embeddable":true,"href":"https:\/\/coeur-et-travail.com\/index.php\/wp-json\/wp\/v2\/comments?post=303"}],"version-history":[{"count":1,"href":"https:\/\/coeur-et-travail.com\/index.php\/wp-json\/wp\/v2\/pages\/303\/revisions"}],"predecessor-version":[{"id":304,"href":"https:\/\/coeur-et-travail.com\/index.php\/wp-json\/wp\/v2\/pages\/303\/revisions\/304"}],"wp:attachment":[{"href":"https:\/\/coeur-et-travail.com\/index.php\/wp-json\/wp\/v2\/media?parent=303"}],"curies":[{"name":"wp","href":"https:\/\/api.w.org\/{rel}","templated":true}]}}

<p>Troisième édition du livre, sous la direction de Bernard Pierre.<br>3e édition<br>Prix : 68 € (franco de port)</p>



<figure class="wp-block-image aligncenter size-full"><img loading="lazy" decoding="async" width="406" height="600" src="https://coeur-et-travail.com/wp-content/uploads/2024/12/LivreV3.jpg" alt="" class="wp-image-79" srcset="https://coeur-et-travail.com/wp-content/uploads/2024/12/LivreV3.jpg 406w, https://coeur-et-travail.com/wp-content/uploads/2024/12/LivreV3-203x300.jpg 203w" sizes="auto, (max-width: 406px) 100vw, 406px" /></figure>



<p><a href="https://www.editions-frison-roche.com/produit/417/9782876716278/coeur-et-travail" data-type="link" data-id="https://www.editions-frison-roche.com/produit/417/9782876716278/coeur-et-travail" target="_blank" rel="noreferrer noopener"><strong><mark style="background-color:rgba(0, 0, 0, 0)" class="has-inline-color has-secondary-color">>>>>>  Acheter le livre ici &lt;&lt;&lt;&lt;&lt; </mark></strong></a></p>



<p><strong>Comité scientifique:</strong><br>Pierre Attali, Alain Chamoux, Sophie Durand, Virginie Genty, Chantal Habert, Jean-Pierre Houppe, Marie-Christine Iliou, Patrick Varaillac</p>



<p>Prévenir les accidents cardiovasculaires et savoir traiter et accompagner ceux qui en souffrent est la raison d&rsquo;être de cet ouvrage. Pour vous, intervenants de la chaîne de soins, médecins traitants, cardiologues, médecins du travail et de prévention, employeurs, Soixante-dix auteurs démontent le subtil arrangement des causes et des conséquences pouvant conduire à des accidents de santé graves qui pourraient être évités. « Prévenir vaut mieux que guérir ! » il est admis que les conditions de travail et le stress psychosocial influent sur notre santé : on peut se rendre malade ! Cela ne peut plus être passé sous silence.<br>La qualité de vie est bien le but ultime de la conjugaison croisée des discours de toutes les parties concernées. Il faut savoir écouter, parler, convaincre après avoir examiné et proposé le traitement ajusté aux recommandations et aux données les plus récentes de la connaissance.</p>



<p>On ne va pas au travail pour risquer sa santé, voire sa vie, et cet ouvrage a l&rsquo;ambition de contribuer à diminuer le risque encore trop élevé de se tuer au travail.</p>



<p></p>

<p>Troisième édition du livre, sous la direction de Bernard Pierre.3e éditionPrix : 68 € (franco de port) >>>>> Acheter le livre ici &lt;&lt;&lt;&lt;&lt; Comité scientifique:Pierre Attali, Alain Chamoux, Sophie Durand, Virginie Genty, Chantal Habert, Jean-Pierre Houppe, Marie-Christine Iliou, Patrick Varaillac Prévenir les accidents cardiovasculaires et savoir traiter et accompagner ceux qui en souffrent est la &hellip; </p>
<p class="link-more"><a href="https://coeur-et-travail.com/index.php/le-livre/" class="more-link">Lire la suite de<span class="screen-reader-text">« Le livre »</span></a></p>
