{"id":74,"date":"2024-12-10T20:39:30","date_gmt":"2024-12-10T19:39:30","guid":{"rendered":"http:\/\/coeur-et-travail.com\/?page_id=74"},"modified":"2026-02-09T10:32:06","modified_gmt":"2026-02-09T09:32:06","slug":"7eme-journee-jean-bertran","status":"publish","type":"page","link":"https:\/\/coeur-et-travail.com\/index.php\/7eme-journee-jean-bertran\/","title":{"rendered":"8\u00e8me Journ\u00e9e Jean BERTRAN &#8211; Jeudi 23 septembre 2027"},"content":{"rendered":"\n<p class=\"has-text-align-center\"><strong>\u00ab&nbsp;L\u2019indispensable en cardiologie pour votre exercice en sant\u00e9 travail&nbsp;\u00bb<\/strong><br><strong>Ath\u00e8nes services, 8 rue d\u2019Ath\u00e8nes &#8211; Paris 9<sup>\u00e8me<\/sup> <\/strong><br>(Le nombre d\u2019inscriptions \u00e9tant limit\u00e9, les inscriptions seront enregistr\u00e9es dans l\u2019ordre d\u2019arriv\u00e9e)<\/p>\n\n\n\n<p><strong>Ch\u00e8re confr\u00e8re, cher confr\u00e8re,<\/strong><br><strong>Ch\u00e8re amie, cher ami,<\/strong><\/p>\n\n\n\n<p>Le seuil de la nouvelle ann\u00e9e est d\u00e9sormais franchi\u2026 Il est temps pour notre association <strong><em>C\u0153ur et Travail<\/em><\/strong> de vous rappeler le \u00ab&nbsp;point d\u2019orgue&nbsp;\u00bb quant \u00e0 l\u2019an qui vient en termes d\u2019enseignement post universitaire, la <strong>8<sup>\u00e8me<\/sup> journ\u00e9e Jean BERTRAN<\/strong>.<\/p>\n\n\n\n<p>Ce nouveau congr\u00e8s biennal se tiendra \u00e0 <strong>PARIS 9<sup>\u00e8me<\/sup> le jeudi 23 septembre 2027<\/strong>.<\/p>\n\n\n\n<p>Les journ\u00e9es Jean BERTRAN sont devenues \u00ab&nbsp;incontournables&nbsp;\u00bb pour les acteurs en Sant\u00e9 Travail (m\u00e9decins et leurs collaborateurs). Le succ\u00e8s va croissant. Nous esp\u00e9rons 500 participants en \u00ab&nbsp;distanciel&nbsp;\u00bb ou, mieux, en \u00ab&nbsp;pr\u00e9sentiel&nbsp;\u00bb. En effet, l\u2019atmosph\u00e8re est toujours conviviale et m\u00eame amicale, propice \u00e0 des \u00e9changes fructueux (questions pos\u00e9es aux intervenants, temps de pause et d\u00e9jeuner au restaurant \u00e0 proximit\u00e9).<\/p>\n\n\n\n<p>A nouveau, les dix sujets qui seront abord\u00e9s ont \u00e9t\u00e9 choisis avec soin en tenant compte des souhaits que vous avez exprim\u00e9s au terme de la derni\u00e8re journ\u00e9e Jean BERTRAN en 2025 et de chacune des sessions de formation. Ils seront trait\u00e9s par les meilleurs orateurs, dans un discours adapt\u00e9 \u00e0 votre pratique quotidienne.<\/p>\n\n\n\n<p>Vous trouverez ci-joint le programme d\u00e9finitif qui re\u00e7oit d\u2019ores et d\u00e9j\u00e0 un excellent accueil (oserais-je dire souvent enthousiaste&nbsp;!).<\/p>\n\n\n\n<p><strong>Les inscriptions sont dor\u00e9navant ouvertes par voie postale ou \u00e9lectronique<\/strong> (<a href=\"https:\/\/coeur-et-travail.com\/index.php\/bulletin-dinscription\/\" data-type=\"page\" data-id=\"350\"><mark style=\"background-color:rgba(0, 0, 0, 0)\" class=\"has-inline-color has-secondary-color\">lien vers le formulaire<\/mark><\/a>).<\/p>\n\n\n\n<p>Dans l\u2019attente du plaisir de vous retrouver.<\/p>\n\n\n\n<p><strong>Pr Bernard PIERRE<\/strong><\/p>\n\n\n\n<p><strong>Pr\u00e9sident de C\u0153ur et Travail<\/strong><\/p>\n\n\n\n<p><\/p>\n\n\n\n<div data-wp-interactive=\"core\/file\" class=\"wp-block-file\"><object data-wp-bind--hidden=\"!state.hasPdfPreview\" hidden class=\"wp-block-file__embed\" data=\"https:\/\/coeur-et-travail.com\/wp-content\/uploads\/2026\/02\/COLLOQUE-2027-PROGRAMME-CONVENTION.pdf\" type=\"application\/pdf\" style=\"width:100%;height:600px\" aria-label=\"Contenu embarqu\u00e9 COLLOQUE 2027 PROGRAMME CONVENTION.\"><\/object><a id=\"wp-block-file--media-af2ecf8c-04d8-40c0-ab9a-7b099f25d096\" href=\"https:\/\/coeur-et-travail.com\/wp-content\/uploads\/2026\/02\/COLLOQUE-2027-PROGRAMME-CONVENTION.pdf\">COLLOQUE 2027 PROGRAMME CONVENTION<\/a><a href=\"https:\/\/coeur-et-travail.com\/wp-content\/uploads\/2026\/02\/COLLOQUE-2027-PROGRAMME-CONVENTION.pdf\" class=\"wp-block-file__button wp-element-button\" download aria-describedby=\"wp-block-file--media-af2ecf8c-04d8-40c0-ab9a-7b099f25d096\">T\u00e9l\u00e9charger<\/a><\/div>\n\n\n\n<h2 class=\"wp-block-heading has-text-align-center\">> > ><a href=\"https:\/\/coeur-et-travail.catalogueformpro.com\/\"> <strong><mark style=\"background-color:rgba(0, 0, 0, 0)\" class=\"has-inline-color has-secondary-color\">Vous inscrire en ligne pour recevoir votre convention c&rsquo;est ici<\/mark><\/strong> <\/a>&lt; &lt; &lt;<\/h2>\n\n\n\n<figure class=\"wp-block-gallery has-nested-images columns-default is-cropped wp-block-gallery-1 is-layout-flex wp-block-gallery-is-layout-flex\">\n<figure class=\"wp-block-image size-large\"><img loading=\"lazy\" decoding=\"async\" width=\"1024\" height=\"768\" data-id=\"256\" src=\"https:\/\/coeur-et-travail.com\/wp-content\/uploads\/2024\/12\/P1120273-1024x768.jpg\" alt=\"\" class=\"wp-image-256\" srcset=\"https:\/\/coeur-et-travail.com\/wp-content\/uploads\/2024\/12\/P1120273-1024x768.jpg 1024w, https:\/\/coeur-et-travail.com\/wp-content\/uploads\/2024\/12\/P1120273-300x225.jpg 300w, https:\/\/coeur-et-travail.com\/wp-content\/uploads\/2024\/12\/P1120273-2000x1500.jpg 2000w\" sizes=\"auto, (max-width: 1024px) 100vw, 1024px\" \/><\/figure>\n\n\n\n<figure class=\"wp-block-image size-large is-style-default\"><img loading=\"lazy\" decoding=\"async\" width=\"1024\" height=\"768\" data-id=\"257\" src=\"https:\/\/coeur-et-travail.com\/wp-content\/uploads\/2024\/12\/P1120276-1024x768.jpg\" alt=\"\" class=\"wp-image-257\" srcset=\"https:\/\/coeur-et-travail.com\/wp-content\/uploads\/2024\/12\/P1120276-1024x768.jpg 1024w, https:\/\/coeur-et-travail.com\/wp-content\/uploads\/2024\/12\/P1120276-300x225.jpg 300w, https:\/\/coeur-et-travail.com\/wp-content\/uploads\/2024\/12\/P1120276-2000x1500.jpg 2000w\" sizes=\"auto, (max-width: 1024px) 100vw, 1024px\" \/><\/figure>\n\n\n\n<figure class=\"wp-block-image size-large\"><img loading=\"lazy\" decoding=\"async\" width=\"1024\" height=\"768\" data-id=\"258\" src=\"https:\/\/coeur-et-travail.com\/wp-content\/uploads\/2024\/12\/P1120303-1024x768.jpg\" alt=\"\" class=\"wp-image-258\" srcset=\"https:\/\/coeur-et-travail.com\/wp-content\/uploads\/2024\/12\/P1120303-1024x768.jpg 1024w, https:\/\/coeur-et-travail.com\/wp-content\/uploads\/2024\/12\/P1120303-300x225.jpg 300w, https:\/\/coeur-et-travail.com\/wp-content\/uploads\/2024\/12\/P1120303-2000x1500.jpg 2000w\" sizes=\"auto, (max-width: 1024px) 100vw, 1024px\" \/><\/figure>\n\n\n\n<figure class=\"wp-block-image size-large\"><img loading=\"lazy\" decoding=\"async\" width=\"1024\" height=\"768\" data-id=\"259\" src=\"https:\/\/coeur-et-travail.com\/wp-content\/uploads\/2024\/12\/P1120312-1024x768.jpg\" alt=\"\" class=\"wp-image-259\" srcset=\"https:\/\/coeur-et-travail.com\/wp-content\/uploads\/2024\/12\/P1120312-1024x768.jpg 1024w, https:\/\/coeur-et-travail.com\/wp-content\/uploads\/2024\/12\/P1120312-300x225.jpg 300w, https:\/\/coeur-et-travail.com\/wp-content\/uploads\/2024\/12\/P1120312-2000x1500.jpg 2000w\" sizes=\"auto, (max-width: 1024px) 100vw, 1024px\" \/><\/figure>\n\n\n\n<figure class=\"wp-block-image size-large\"><img loading=\"lazy\" decoding=\"async\" width=\"1024\" height=\"768\" data-id=\"260\" src=\"https:\/\/coeur-et-travail.com\/wp-content\/uploads\/2024\/12\/P1120313-1024x768.jpg\" alt=\"\" class=\"wp-image-260\" srcset=\"https:\/\/coeur-et-travail.com\/wp-content\/uploads\/2024\/12\/P1120313-1024x768.jpg 1024w, https:\/\/coeur-et-travail.com\/wp-content\/uploads\/2024\/12\/P1120313-300x225.jpg 300w, https:\/\/coeur-et-travail.com\/wp-content\/uploads\/2024\/12\/P1120313-2000x1500.jpg 2000w\" sizes=\"auto, (max-width: 1024px) 100vw, 1024px\" \/><\/figure>\n\n\n\n<figure class=\"wp-block-image size-large\"><img loading=\"lazy\" decoding=\"async\" width=\"1024\" height=\"768\" data-id=\"261\" src=\"https:\/\/coeur-et-travail.com\/wp-content\/uploads\/2024\/12\/P1120325-1-1024x768.jpg\" alt=\"\" class=\"wp-image-261\" srcset=\"https:\/\/coeur-et-travail.com\/wp-content\/uploads\/2024\/12\/P1120325-1-1024x768.jpg 1024w, https:\/\/coeur-et-travail.com\/wp-content\/uploads\/2024\/12\/P1120325-1-300x225.jpg 300w, https:\/\/coeur-et-travail.com\/wp-content\/uploads\/2024\/12\/P1120325-1-2000x1500.jpg 2000w\" sizes=\"auto, (max-width: 1024px) 100vw, 1024px\" \/><\/figure>\n\n\n\n<figure class=\"wp-block-image size-large\"><img loading=\"lazy\" decoding=\"async\" width=\"1024\" height=\"768\" data-id=\"262\" src=\"https:\/\/coeur-et-travail.com\/wp-content\/uploads\/2024\/12\/P1120336-1-1024x768.jpg\" alt=\"\" class=\"wp-image-262\" srcset=\"https:\/\/coeur-et-travail.com\/wp-content\/uploads\/2024\/12\/P1120336-1-1024x768.jpg 1024w, https:\/\/coeur-et-travail.com\/wp-content\/uploads\/2024\/12\/P1120336-1-300x225.jpg 300w, https:\/\/coeur-et-travail.com\/wp-content\/uploads\/2024\/12\/P1120336-1-2000x1500.jpg 2000w\" sizes=\"auto, (max-width: 1024px) 100vw, 1024px\" \/><\/figure>\n\n\n\n<figure class=\"wp-block-image size-large\"><img loading=\"lazy\" decoding=\"async\" width=\"1024\" height=\"768\" data-id=\"263\" src=\"https:\/\/coeur-et-travail.com\/wp-content\/uploads\/2024\/12\/P1120345-1024x768.jpg\" alt=\"\" class=\"wp-image-263\" srcset=\"https:\/\/coeur-et-travail.com\/wp-content\/uploads\/2024\/12\/P1120345-1024x768.jpg 1024w, https:\/\/coeur-et-travail.com\/wp-content\/uploads\/2024\/12\/P1120345-300x225.jpg 300w, https:\/\/coeur-et-travail.com\/wp-content\/uploads\/2024\/12\/P1120345-2000x1500.jpg 2000w\" sizes=\"auto, (max-width: 1024px) 100vw, 1024px\" \/><\/figure>\n\n\n\n<figure class=\"wp-block-image size-large\"><img loading=\"lazy\" decoding=\"async\" width=\"768\" height=\"1024\" data-id=\"264\" src=\"https:\/\/coeur-et-travail.com\/wp-content\/uploads\/2024\/12\/P1120361-768x1024.jpg\" alt=\"\" class=\"wp-image-264\" srcset=\"https:\/\/coeur-et-travail.com\/wp-content\/uploads\/2024\/12\/P1120361-768x1024.jpg 768w, https:\/\/coeur-et-travail.com\/wp-content\/uploads\/2024\/12\/P1120361-225x300.jpg 225w, https:\/\/coeur-et-travail.com\/wp-content\/uploads\/2024\/12\/P1120361-2000x2667.jpg 2000w, https:\/\/coeur-et-travail.com\/wp-content\/uploads\/2024\/12\/P1120361-scaled.jpg 1920w\" sizes=\"auto, (max-width: 768px) 100vw, 768px\" \/><\/figure>\n\n\n\n<figure class=\"wp-block-image size-large\"><img loading=\"lazy\" decoding=\"async\" width=\"768\" height=\"1024\" data-id=\"265\" src=\"https:\/\/coeur-et-travail.com\/wp-content\/uploads\/2024\/12\/P1120366-768x1024.jpg\" alt=\"\" class=\"wp-image-265\" srcset=\"https:\/\/coeur-et-travail.com\/wp-content\/uploads\/2024\/12\/P1120366-768x1024.jpg 768w, https:\/\/coeur-et-travail.com\/wp-content\/uploads\/2024\/12\/P1120366-225x300.jpg 225w, https:\/\/coeur-et-travail.com\/wp-content\/uploads\/2024\/12\/P1120366-2000x2667.jpg 2000w, https:\/\/coeur-et-travail.com\/wp-content\/uploads\/2024\/12\/P1120366-scaled.jpg 1920w\" sizes=\"auto, (max-width: 768px) 100vw, 768px\" \/><\/figure>\n\n\n\n<figure class=\"wp-block-image size-large\"><img loading=\"lazy\" decoding=\"async\" width=\"1024\" height=\"768\" data-id=\"266\" src=\"https:\/\/coeur-et-travail.com\/wp-content\/uploads\/2024\/12\/P1120369-1024x768.jpg\" alt=\"\" class=\"wp-image-266\" srcset=\"https:\/\/coeur-et-travail.com\/wp-content\/uploads\/2024\/12\/P1120369-1024x768.jpg 1024w, https:\/\/coeur-et-travail.com\/wp-content\/uploads\/2024\/12\/P1120369-300x225.jpg 300w, https:\/\/coeur-et-travail.com\/wp-content\/uploads\/2024\/12\/P1120369-2000x1500.jpg 2000w\" sizes=\"auto, (max-width: 1024px) 100vw, 1024px\" \/><\/figure>\n\n\n\n<figure class=\"wp-block-image size-large\"><img loading=\"lazy\" decoding=\"async\" width=\"1024\" height=\"768\" data-id=\"267\" src=\"https:\/\/coeur-et-travail.com\/wp-content\/uploads\/2024\/12\/P1120375-1024x768.jpg\" alt=\"\" class=\"wp-image-267\" srcset=\"https:\/\/coeur-et-travail.com\/wp-content\/uploads\/2024\/12\/P1120375-1024x768.jpg 1024w, https:\/\/coeur-et-travail.com\/wp-content\/uploads\/2024\/12\/P1120375-300x225.jpg 300w, https:\/\/coeur-et-travail.com\/wp-content\/uploads\/2024\/12\/P1120375-2000x1500.jpg 2000w\" sizes=\"auto, (max-width: 1024px) 100vw, 1024px\" \/><\/figure>\n\n\n\n<figure class=\"wp-block-image size-large\"><img loading=\"lazy\" decoding=\"async\" width=\"1024\" height=\"768\" data-id=\"268\" src=\"https:\/\/coeur-et-travail.com\/wp-content\/uploads\/2024\/12\/P1120406-1024x768.jpg\" alt=\"\" class=\"wp-image-268\" srcset=\"https:\/\/coeur-et-travail.com\/wp-content\/uploads\/2024\/12\/P1120406-1024x768.jpg 1024w, https:\/\/coeur-et-travail.com\/wp-content\/uploads\/2024\/12\/P1120406-300x225.jpg 300w, https:\/\/coeur-et-travail.com\/wp-content\/uploads\/2024\/12\/P1120406-2000x1500.jpg 2000w\" sizes=\"auto, (max-width: 1024px) 100vw, 1024px\" \/><\/figure>\n\n\n\n<figure class=\"wp-block-image size-large\"><img loading=\"lazy\" decoding=\"async\" width=\"1024\" height=\"768\" data-id=\"269\" src=\"https:\/\/coeur-et-travail.com\/wp-content\/uploads\/2024\/12\/P1120411-1024x768.jpg\" alt=\"\" class=\"wp-image-269\" srcset=\"https:\/\/coeur-et-travail.com\/wp-content\/uploads\/2024\/12\/P1120411-1024x768.jpg 1024w, https:\/\/coeur-et-travail.com\/wp-content\/uploads\/2024\/12\/P1120411-300x225.jpg 300w, https:\/\/coeur-et-travail.com\/wp-content\/uploads\/2024\/12\/P1120411-2000x1500.jpg 2000w\" sizes=\"auto, (max-width: 1024px) 100vw, 1024px\" \/><\/figure>\n\n\n\n<figure class=\"wp-block-image size-large\"><img loading=\"lazy\" decoding=\"async\" width=\"1024\" height=\"768\" data-id=\"270\" src=\"https:\/\/coeur-et-travail.com\/wp-content\/uploads\/2024\/12\/StockSnap_6O7JXC5DC5-1-1024x768.jpg\" alt=\"\" class=\"wp-image-270\" srcset=\"https:\/\/coeur-et-travail.com\/wp-content\/uploads\/2024\/12\/StockSnap_6O7JXC5DC5-1-1024x768.jpg 1024w, https:\/\/coeur-et-travail.com\/wp-content\/uploads\/2024\/12\/StockSnap_6O7JXC5DC5-1-300x225.jpg 300w, https:\/\/coeur-et-travail.com\/wp-content\/uploads\/2024\/12\/StockSnap_6O7JXC5DC5-1-2000x1500.jpg 2000w\" sizes=\"auto, (max-width: 1024px) 100vw, 1024px\" \/><\/figure>\n<\/figure>\n\n\n\n<p><\/p>\n","protected":false},"excerpt":{"rendered":"<p>\u00ab&nbsp;L\u2019indispensable en cardiologie pour votre exercice en sant\u00e9 travail&nbsp;\u00bbAth\u00e8nes services, 8 rue d\u2019Ath\u00e8nes &#8211; Paris 9\u00e8me (Le nombre d\u2019inscriptions \u00e9tant limit\u00e9, les inscriptions seront enregistr\u00e9es dans l\u2019ordre d\u2019arriv\u00e9e) Ch\u00e8re confr\u00e8re, cher confr\u00e8re,Ch\u00e8re amie, cher ami, Le seuil de la nouvelle ann\u00e9e est d\u00e9sormais franchi\u2026 Il est temps pour notre association C\u0153ur et Travail de vous &hellip; <\/p>\n<p class=\"link-more\"><a href=\"https:\/\/coeur-et-travail.com\/index.php\/7eme-journee-jean-bertran\/\" class=\"more-link\">Lire la suite de<span class=\"screen-reader-text\">\u00ab\u00a08\u00e8me Journ\u00e9e Jean BERTRAN &#8211; Jeudi 23 septembre 2027\u00a0\u00bb<\/span><\/a><\/p>\n","protected":false},"author":1,"featured_media":0,"parent":0,"menu_order":0,"comment_status":"closed","ping_status":"closed","template":"","meta":{"footnotes":""},"class_list":["post-74","page","type-page","status-publish","hentry"],"_links":{"self":[{"href":"https:\/\/coeur-et-travail.com\/index.php\/wp-json\/wp\/v2\/pages\/74","targetHints":{"allow":["GET"]}}],"collection":[{"href":"https:\/\/coeur-et-travail.com\/index.php\/wp-json\/wp\/v2\/pages"}],"about":[{"href":"https:\/\/coeur-et-travail.com\/index.php\/wp-json\/wp\/v2\/types\/page"}],"author":[{"embeddable":true,"href":"https:\/\/coeur-et-travail.com\/index.php\/wp-json\/wp\/v2\/users\/1"}],"replies":[{"embeddable":true,"href":"https:\/\/coeur-et-travail.com\/index.php\/wp-json\/wp\/v2\/comments?post=74"}],"version-history":[{"count":18,"href":"https:\/\/coeur-et-travail.com\/index.php\/wp-json\/wp\/v2\/pages\/74\/revisions"}],"predecessor-version":[{"id":764,"href":"https:\/\/coeur-et-travail.com\/index.php\/wp-json\/wp\/v2\/pages\/74\/revisions\/764"}],"wp:attachment":[{"href":"https:\/\/coeur-et-travail.com\/index.php\/wp-json\/wp\/v2\/media?parent=74"}],"curies":[{"name":"wp","href":"https:\/\/api.w.org\/{rel}","templated":true}]}}